5*g - 23. Let a = n - -11. What is the units digit of a?
2
Suppose -56*u = -52*u - 2964. What is the units digit of u?
1
Let b = 30 + -26. Suppose -4*w - 1 = 2*i - 13, b*w - 14 = -3*i. Suppose -s + 44 = n, -36 - 101 = -3*n + i*s. What is the units digit of n?
5
Let x(r) = 2*r**2 + 10*r - 15. What is the units digit of x(-9)?
7
What is the hundreds digit of ((-144)/(-15))/((-6)/(-320))?
5
Let w = 14 + -10. Suppose 5*x + 5*a = 30, w*x = -x - 4*a + 33. Let q = x + 10. What is the tens digit of q?
1
What is the tens digit of -1*5/(-1) - (-2868)/12?
4
Let r(z) = -3*z + 19. Let l be r(5). What is the units digit of (l/5)/(6/1050)?
0
Let l(y) = y**3 + 30*y**2 + 40*y - 32. Let o be l(-28). Suppose 6*a - 4*a - 5*g - 395 = 0, 0 = 2*a + 2*g - o. What is the units digit of a?
5
Let l be (-1)/(1/(-8 + 4 - 5)). Suppose l*s - 784 = 926. What is the tens digit of s?
9
Let r = -43 - -45. Suppose -2*a + r*k = -94, 0*k - 94 = -2*a - k. What is the tens digit of a?
4
Suppose 0 = -2*j + 387 - 75. What is the units digit of j?
6
Let w(v) = 37*v + 28. Suppose -f + 5*k = -13, -2*k = -2*f - 3*f + 42. What is the hundreds digit of w(f)?
3
Let q = 3234 - 1990. Suppose 3*d - q = -4*c, 2*d + 300 = -c + 2*c. What is the units digit of c?
8
Suppose -14*v = -18*v + 8. What is the units digit of v/(-8) - (-1405)/20?
0
Let x(l) = -l**2 - 13*l - 40. Let f be x(-9). Let k(w) = -33*w**3 - w**2 - w. Let a be k(-1). What is the units digit of (-5 - f)/((-1)/a)?
3
Let p(j) = -3*j**3 - 30*j**2 - 160*j - 34. What is the units digit of p(-14)?
8
Suppose 0 = 6*k - 11*k - 100. Let s = k - -30. Suppose -s*p + 45 = -7*p. What is the units digit of p?
5
Let p(q) = -3*q**2 + 2*q - 60. Let d(o) = o**2 - o + 30. Let x(h) = -5*d(h) - 2*p(h). What is the tens digit of x(-10)?
6
Suppose 0 = 3*t - 8*t. Suppose -z + 2 + 1 = t. Suppose 0 = -5*f - v + 3*v + 77, 0 = 4*f + z*v - 57. What is the tens digit of f?
1
What is the tens digit of (-1)/((-42048)/8408 + 5)?
5
Let o(t) = -66*t - 20 - 35 + 80*t + 2*t**2. What is the hundreds digit of o(6)?
1
Let g(s) = s**3 - 12*s**2 - 2*s + 14. Let h be -4 + 2 + 0 - -15. Let r be g(h). Suppose r = 3*c - 53. What is the tens digit of c?
7
Let s(j) = 202*j**2 + 7*j - 8. What is the hundreds digit of s(2)?
8
Suppose 1342 = -d + s, 579 = d + 5*s + 1945. What is the tens digit of 2/(-11) + d/(-22)?
6
Let x(v) = -23*v + 284. What is the units digit of x(-34)?
6
Suppose 0 = -2*n - 3*o - 12 - 1, -3 = n + 5*o. Let l(a) = 2*a**2 - a - 19. What is the tens digit of l(n)?
1
Suppose -17 = -2*p - 33. Let x = p + 14. What is the units digit of x?
6
Suppose 0 = 2*a + 4 + 10. What is the units digit of ((-18)/(-10))/(a/(-315))?
1
Let t(k) = 26*k**3 - 2*k**2 - 10*k + 47. What is the hundreds digit of t(4)?
6
What is the thousands digit of (0 - -5668)*20/40?
2
Let z = 23 + -20. Suppose k - 48 = -2*k. Suppose -z*l + l = -k. What is the units digit of l?
8
Let p(i) = -234*i**3 + i**2 - 5. What is the thousands digit of p(-3)?
6
Let a = 13 - 9. Suppose -2 = h - a*l, 3*h + 0*h = l - 17. What is the tens digit of 164/14 - h/21?
1
What is the units digit of 4 + 50400/(120/10)?
4
Let n(j) = -j**2 + 28*j + 35. What is the hundreds digit of n(19)?
2
Suppose -5*f = -10, 4*j = 6*j - 2*f - 2512. What is the hundreds digit of j?
2
Let q(z) = -6*z**3 - z**3 + 0*z**3 - z**3 - 3 - 4*z - 4*z**2. Let c be q(-2). Suppose -25 = -3*a + c. What is the units digit of a?
6
Suppose -3*k - 3*b - 288 = 0, 3*k + 2*b + 23 + 269 = 0. Let c be (-36)/15 - -3 - 1406/10. Let x = k - c. What is the units digit of x?
0
What is the units digit of (-6)/4*(-4)/12*196?
8
Let j be (-1206)/15 + (-4)/(-10). Suppose 0 = -5*g - 0*g - 190. Let r = g - j. What is the tens digit of r?
4
Let o = 37 - 32. Suppose -5*k + 295 = o*n, -5*n + 3*k = -n - 229. What is the units digit of n?
8
Let a = -9 + 9. Let s be ((-2)/(-4)*a)/4. Suppose -2*q + 45 = -v, s = 3*q - 6*v + 3*v - 60. What is the units digit of q?
5
Suppose -2*r = s - 50, -3*s - 57 = -4*r + 33. Suppose -t + r = -57. What is the units digit of t?
1
Let v(d) = 42*d**2 + 3*d + 9. What is the hundreds digit of v(5)?
0
Let d be 250/(-3) - 2/3. Let l = 133 + d. What is the units digit of l?
9
Suppose k - 2*l - 2 = -6*l, 3*l = 4*k - 8. Suppose 3*d - 95 = k*i, -4*d - 3*i + 122 = -i. Suppose 0 = -j - 0*j + d. What is the tens digit of j?
3
Suppose 0 = -0*w + 2*w - 16. Suppose 58 = -2*j + w. Let o = 61 + j. What is the tens digit of o?
3
Let z(q) = 2 + 4*q + 3*q - 5*q + 2*q. Let r be z(4). Let d = r - 5. What is the tens digit of d?
1
Suppose -5 = 2*t - 35. Suppose -t*n + 1326 = -774. What is the units digit of n?
0
Let u(h) = 5*h**3 - h + 1. Suppose 12 - 2 = 5*k. Let d be u(k). Let s = d - -36. What is the tens digit of s?
7
Let x(f) = -10*f - 43. Let w be x(-25). What is the tens digit of 38111/w - 1/9?
8
Suppose 2*k + d + 0*d - 2354 = 0, -5*d = -5*k + 5885. What is the thousands digit of k?
1
Let s be 0 + 126 - 20/5. Let m = 186 - s. Let q = m - 46. What is the units digit of q?
8
Let j be (-9090)/315 + (-1)/7. Suppose -4*y - y = -10. What is the units digit of 3/(j/(-13) - y)?
3
Let u = 652 + 84. What is the tens digit of u?
3
What is the hundreds digit of 1589*(2 + 33/(-21))?
6
Let q(i) = 3*i**2 - 7*i - 1. Let w(u) = u**2 + 1. Let t(r) = -q(r) + 5*w(r). What is the tens digit of t(-10)?
3
Let z(f) = -13*f + 12. Let w be z(-18). Suppose -5*q + w = -309. What is the hundreds digit of q?
1
Suppose 0 = 21*d - 23*d + 266. What is the hundreds digit of d?
1
Let y(r) = 81*r + 42. What is the hundreds digit of y(7)?
6
What is the units digit of -2 + (2 - -170) - 35/7?
5
Let u(g) = 2*g**2 - g + 2. Let k(i) = 3*i**2 - i + 4. Let o(x) = 3*k(x) - 5*u(x). Let s be o(-6). Let r = -17 - s. What is the units digit of r?
9
Suppose -4*o - 658 - 3314 = 0. What is the tens digit of (-8)/(-10) + o/(-15)?
6
Let h(j) = 3*j - 29. Let b be h(-7). Let a = 148 + b. What is the units digit of a?
8
Let l be (0 - (1 + 12)) + -1. Let o = l - -12. Let m = o + 3. What is the units digit of m?
1
Let m be (-8)/(-1 + (-3)/3). Suppose m*d - 356 = -4*z, -4*d + z - 2*z + 350 = 0. Let s = 122 - d. What is the units digit of s?
5
Suppose 5*r = 4*i - 10, -5*i - 3*r + r = 4. Suppose i = l + 2*l + 27. What is the tens digit of 2/(-6) + (-165)/l?
1
Suppose 0 = -3*d - 2*v - 4 - 1, -5 = -4*d - 5*v. Suppose -23*u + 7203 = -1675. What is the units digit of d/20 + u/8?
8
Suppose -9 = 4*s + 19. Let y = s + 4. Let i = y + 8. What is the units digit of i?
5
What is the tens digit of (4/(-3))/(40/(-16680))?
5
What is the units digit of ((-41)/9 + (-4)/(-18))*-3?
3
Let u be -8 - ((-9)/(-3) + -3). What is the tens digit of (-6)/u - (-6 - 1002/8)?
3
Suppose -969*k + 964*k + 860 = 0. What is the tens digit of k?
7
Let s = 34 - 26. Suppose p - 5*a + s*a = 146, 3*a + 498 = 3*p. What is the tens digit of p?
6
Let l(m) = m**3 + 3*m**2 - 5*m - 8. What is the units digit of l(-3)?
7
Let i be (1 - -32) + 3/1. Suppose -q = 2*q + i. Let j = -2 - q. What is the units digit of j?
0
Let o(x) = 3*x**2 + 4*x - 3. Let h be o(3). Suppose h = 3*z - 3. What is the units digit of z?
3
Suppose 0 = -5*r - 3*v + 206 + 162, 5*r + 5*v - 360 = 0. What is the units digit of r?
6
Let d = 3511 - 2267. What is the units digit of d?
4
Let d(j) = -j**3 + 0 + 7*j - 4*j**2 + 4 + 5*j**3 - 3*j**3. What is the units digit of d(4)?
2
Let u be (229 - 5)*2/4. Let b = -71 + u. What is the tens digit of b?
4
Let q = 217 - 145. Let r = -34 + q. What is the units digit of r?
8
Suppose 0 = -5*v - 13*v + 23562. What is the thousands digit of v?
1
Let h = -6 - -5. What is the tens digit of ((-315)/30)/(h/28*3)?
9
Let l be 48/(-9)*6/(-4) - -2. What is the tens digit of 53 - ((-4)/l)/(7/(-35))?
5
What is the thousands digit of (-4)/(-18) + 329912/207?
1
Suppose 4*v - 15 = -k + 1, 5*v + 4*k - 31 = 0. Suppose 0*h - v*u - 207 = -4*h, 2*h - 5*u - 107 = 0. What is the tens digit of h?
5
Suppose 4*c - 966 = 1010. Suppose 194 = -5*y + c. What is the units digit of y?
0
Suppose -24 - 39 = -x - 2*m, -5*x - 4*m = -339. What is the units digit of x?
1
Let g(z) = z**2 - 13*z - 28. Let p be g(7). What is the tens digit of 33/(195/p - -3)?
5
Let w be 51/(-2)*2*1. Suppose -32*p - 219 = -35*p. Let l = w + p. What is the units digit of l?
2
Suppose 0*z + 3*z - 4*b - 5352 = 0, 0 = -3*z - 3*b + 5